
True
Is 376389283 a prime number?
False
Is 683789429 a composite number?
True
Is 274009487 a composite number?
True
Is 2079965 a composite number?
True
Is 2047247 composite?
True
Is 829285 a prime number?
False
Is 49194697 a prime number?
True
Is 1174291 a prime number?
False
Is 34724141 a prime number?
True
Is 1104454517 a composite number?
False
Is 60054614 a prime number?
False
Is 1223381 a composite number?
False
Is 286318 prime?
False
Is 4865174 prime?
False
Is 187881611 a composite number?
False
Is 1418737 a prime number?
False
Is 21291421 composite?
True
Is 3188687 a prime number?
True
Is 1410577 prime?
False
Is 28527193 a prime number?
False
Is 409583441 a composite number?
False
Is 67632883 a composite number?
False
Is 148785391 composite?
True
Is 3890759 prime?
True
Is 504531419 a composite number?
True
Is 49508806 prime?
False
Is 533543 a composite number?
False
Is 3973481 a composite number?
False
Is 2898089 a composite number?
True
Is 730999 composite?
False
Is 19311167 a prime number?
False
Is 10461697 a composite number?
False
Is 22978487 a composite number?
True
Is 126195469 composite?
True
Is 17399318 prime?
False
Is 55367639 prime?
True
Is 3130081 composite?
True
Is 3749009 composite?
True
Is 889489 prime?
True
Is 777238741 prime?
False
Is 243335159 prime?
False
Is 4067531 a prime number?
False
Is 13327351 a prime number?
False
Is 4290511 a composite number?
True
Is 167083 a composite number?
True
Is 46952411 composite?
True
Is 68018101 a composite number?
True
Is 32052199 a prime number?
True
Is 3886669 a prime number?
False
Is 7152751 a prime number?
True
Is 52317289 prime?
True
Is 6305281 a composite number?
True
Is 915527 a composite number?
False
Is 12719017 a composite number?
False
Is 24368059 a prime number?
True
Is 11870387 composite?
True
Is 33865331 a composite number?
False
Is 40893101 a prime number?
True
Is 16291753 a composite number?
False
Is 70272977 a composite number?
True
Is 72655979 a composite number?
True
Is 960283 prime?
False
Is 539551 composite?
True
Is 7064881 prime?
True
Is 634729 prime?
False
Is 5773991 prime?
True
Is 105191 prime?
False
Is 175689823 a composite number?
True
Is 2371073 a composite number?
False
Is 1310484893 prime?
True
Is 212671 prime?
True
Is 2327981 prime?
False
Is 4378811 composite?
False
Is 40062653 composite?
False
Is 44861137 composite?
True
Is 45053039 composite?
False
Is 14700323 prime?
False
Is 25357961 a composite number?
False
Is 56830129 composite?
True
Is 3049091 prime?
True
Is 3335531 composite?
False
Is 24819593 a composite number?
False
Is 7573589 a prime number?
True
Is 23039587 composite?
False
Is 1877273 a prime number?
False
Is 191978197 a prime number?
True
Is 5251189 a composite number?
False
Is 165750779 prime?
False
Is 12519643 prime?
False
Is 300414241 a composite number?
False
Is 6947251 prime?
False
Is 10319977 a composite number?
False
Is 47253713 a prime number?
False
Is 42192998 composite?
True
Is 156480341 composite?
False
Is 36823421 prime?
False
Is 8609581 a prime number?
True
Is 2072513 a prime number?
False
Is 10495739 a prime number?
True
Is 90481177 composite?
False
Is 26327831 a prime number?
False
Is 3957577 a prime number?
False
Is 2160527 a prime number?
True
Is 21088439 a composite number?
False
Is 4553023 a composite number?
True
Is 10617031 a composite number?
False
Is 28781899 prime?
False
Is 384313357 a prime number?
False
Is 67571561 a prime number?
False
Is 5572559 composite?
False
Is 14639689 composite?
True
Is 29104027 composite?
False
Is 137109311 composite?
True
Is 508657 a prime number?
False
Is 2107631 a prime number?
False
Is 10543699 prime?
True
Is 16114957 a composite number?
True
Is 4382843 a composite number?
False
Is 79249073 a prime number?
True
Is 1742267 prime?
False
Is 12070231 a composite number?
False
Is 3373903 composite?
True
Is 59743669 prime?
True
Is 1681129 a prime number?
True
Is 123059 a composite number?
False
Is 3853999 prime?
False
Is 3246649 composite?
True
Is 18376697 composite?
False
Is 2963827 a composite number?
True
Is 353543429 a composite number?
False
Is 3402517 a prime number?
True
Is 2296351 prime?
True
Is 6079453 a prime number?
True
Is 1366039 a composite number?
True
Is 167240347 a composite number?
False
Is 37159663 composite?
True
Is 160019 a prime number?
True
Is 45368471 a prime number?
True
Is 28728443 a composite number?
False
Is 199739 composite?
False
Is 46547 a prime number?
False
Is 83609 a prime number?
True
Is 7062287 a prime number?
True
Is 13823387 composite?
False
Is 1633909 a composite number?
True
Is 23377307 a composite number?
True
Is 33869711 composite?
False
Is 18652897 prime?
True
Is 54776521 a composite number?
False
Is 6161459 composite?
False
Is 285882331 a prime number?
False
Is 10549239 a composite number?
True
Is 22750933 a composite number?
True
Is 1693883 a composite number?
False
Is 34265629 a prime number?
True
Is 43984607 a prime number?
True
Is 274345 prime?
False
Is 2431885 a composite number?
True
Is 114314113 a composite number?
False
Is 270624313 composite?
True
Is 5023027 a prime number?
False
Is 357211 composite?
False
Is 1607406397 composite?
False
Is 7277359 composite?
True
Is 742033 a prime number?
False
Is 59711177 prime?
False
Is 89389913 a composite number?
True
Is 938479 a prime number?
False
Is 478147247 prime?
True
Is 6433985 a prime number?
False
Is 331644473 prime?
True
Is 15702689 composite?
True
Is 542422303 a composite number?
False
Is 25001863 prime?
True
Is 73113218 composite?
True
Is 100049 prime?
True
Is 22032757 a composite number?
False
Is 235569913 composite?
False
Is 6676113 prime?
False
Is 155158433 a composite number?
False
Is 4234771 a composite number?
False
Is 15160259 a composite number?
True
Is 689387 a prime number?
False
Is 15963643 composite?
False
Is 61219769 a prime number?
False
Is 380199623 prime?
True
Is 45665453 a composite number?
False
Is 66120181 prime?
True
Is 1394282 prime?
False
Is 3014507 a prime number?
False
Is 32326297 a prime number?
True
Is 715088161 a prime number?
False
Is 60527549 a prime number?
True
Is 257783 prime?
True
Is 139024097 a prime number?
True
Is 19686941 prime?
False
Is 178944163 a composite number?
True
Is 159103291 a composite number?
False
Is 7708301 prime?
True
Is 24310541 prime?
False
Is 89260559 composite?
False
Is 5926951 a prime number?
True
Is 27529079 a prime number?
True
Is 76258019 a composite number?
True
Is 7329461 composite?
False
Is 10521089 a composite number?
False
Is 467317 a composite number?
False
Is 27372613 prime?
True
Is 338471977 composite?
False
Is 2114653 prime?
True
Is 47688593 a composite number?
True
Is 912528647 composite?
False
Is 27535429 prime?
False
Is 259447229 a composite number?
True
Is 4163519 a prime number?
False
Is 831161 prime?
True
Is 1047873 a prime number?
False
Is 73430551 a prime number?
True
Is 34764617 prime?
False
Is 7236121 a composite number?
False
Is 10531559 composite?
True
Is 35660981 a composite number?
True
Is 986179 a prime number?
False
Is 8357599 a composite number?
False
Is 1854091 prime?
False
Is 19616003 a composite number?
True
Is 22670927 a prime number?
False
Is 241994 composite?
True
Is 16642957 a composite number?
True
Is 16350947 prime?
True
Is 20377267 prime?
False
Is 656221 a prime number?
True
Is 609673 a composite number?
False
Is 27353091 prime?
False
Is 20079089 a composite number?
False
Is 87121659 a composite number?
True
Is 26343389 prime?
True
Is 4787738 a composite number?
True
Is 440805389 a prime number?
True
Is 1776527 a composite number?
True
Is 21488761 a composite number?
True
Is 178586 prime?
False
Is 2420627 prime?
False
Is 7779533 a prime number?
False
Is 1274921 a prime number?
True
Is 204779041 a prime number?
True
Is 150727 a prime number?
False
Is 135458007 a composite number?
True
Is 81102719 composite?
True
Is 2607271 prime?
True
Is 6603073 composite?
True
Is 497899 a prime number?
True
Is 6385317 prime?
False
Is 257071259 a prime number?
True
Is 9794609 a prime number?
False
Is 182389979 composite?
False
Is 64459957 composite?
True
Is 5310373 composite?
True
Is 1606099 prime?
False
Is 540141421 prime?
False
Is 35906855 prime?
False
Is 38171153 a prime number?
False
Is 5085973 a prime n